alculate the greatest common factor of 204 and f.
12
Suppose -25 = 5*j, 420 = 2*i - 2*j - 370. What is the highest common divisor of i and 117?
39
Suppose -8*o = 115 - 475. Suppose -425 = o*w - 7670. Calculate the greatest common divisor of w and 92.
23
Let i(c) be the first derivative of 14*c**2 + 44*c - 13. Let j be i(5). What is the highest common factor of j and 23?
23
Suppose -8 = 3*q - 7*q. Suppose -q*p = -4*p + 116. What is the highest common factor of p and 29?
29
Let i(r) = 3*r**2 - 17*r - 38. Let s be i(-4). What is the greatest common factor of s and 4264?
26
Let g(q) = -q**3 + 12*q**2 + 3*q - 5. Let w be g(12). Suppose -14 = b - w. Suppose -15*t = -b*t + 154. Calculate the greatest common divisor of 11 and t.
11
Let s = -1 - -7. Let m be (3/2)/(s/32). Suppose 16*v - 406 = -86. What is the greatest common divisor of m and v?
4
Let n = -22 - -23. Let x be 1/(2 - n) + 2. Suppose 3*w - x*z - 204 = 0, z + 441 = 5*w + 109. Calculate the highest common factor of w and 6.
6
Let n(i) = 7*i**2 + 5*i + 1. Let w be n(-1). Suppose 49 = b + 3*z, -8*b + w*z = -6*b - 71. What is the greatest common factor of b and 5?
5
Suppose -53*w - 4*l = -53*w, -l - 8279 = -w. Calculate the greatest common factor of w and 17.
17
Let y be -70*((-2)/4 + -60 + 60). What is the highest common factor of 655 and y?
5
Let x be ((-45)/25)/(9/(-135)). Let f be 4 + x + (-1 - (3 - 3)). Calculate the highest common factor of 360 and f.
30
Let t = 4027 + -3935. Calculate the greatest common factor of 3519 and t.
23
Let r be 21/2 - 1/2. Let h(q) = q**3 + 11*q - 85*q**2 + 139*q**2 - 65*q**2 + 22. Let i be h(r). Calculate the highest common factor of 224 and i.
32
Suppose -112*f - 8 = -114*f. Suppose -4*q - 3 = -c, -3*c = -f*q + 3*q - 20. What is the greatest common factor of 322 and c?
7
Suppose 729*q - 410326 = 631*q. Calculate the highest common divisor of q and 159.
53
Let k = 5221 + -3130. Calculate the greatest common divisor of 102 and k.
51
Let v(b) = -b**3 - 8*b**2 - 20*b - 54. Let m be v(-11). Let k = -515 + m. What is the highest common factor of 686 and k?
14
Suppose -127*c - 8223 = -20415. What is the greatest common factor of 276 and c?
12
Suppose 5*z = z + 3*m + 445, -3*z = -5*m - 342. Suppose -163 - z = -4*v. Calculate the highest common divisor of 34 and v.
34
Let g = 58 + -34. Let s(u) = -16*u**2 - 784*u + 12. Let k be s(-49). What is the highest common factor of k and g?
12
Let d be 11/2 + 6/(-12). Suppose d*x = -q + 1 - 2, q = 4*x + 17. What is the highest common factor of q and 81?
9
Suppose -5*h + 7 = 32. Let z be h*(-2)/15*-24. Let t be 10*1 + (-17 - z). Calculate the greatest common factor of t and 99.
9
Let m be 2*-1*-41*1. Suppose 4*q = -2*d + 708 - 28, -2*d + 674 = 3*q. Calculate the highest common divisor of m and d.
82
Let i = 19612 + -19580. Let b = 69 - 49. Calculate the highest common factor of i and b.
4
Let v be (-1)/(-1 + (-8)/(-10)). Suppose v*c - 54 = s - 0*s, -5*c + 62 = -3*s. Let m = 17565 + -17555. Calculate the greatest common factor of m and c.
10
Suppose 18*f - 329 = 1129. Let p be (-1 + -5)*1/3*-7. Suppose 2*l + 3*w = 18, -l + w - 5 = -p. Calculate the highest common divisor of f and l.
9
Suppose 52 = -3*k + 7*k - 3*s, 2*k + s - 16 = 0. Let i be (-8)/k - (10 + 3672/(-40)). Calculate the greatest common divisor of 3 and i.
3
Let n(v) = v**3 + 45*v**2 + 121*v - 78. Let z be n(-42). Suppose -2*u = 80 + 64. Let q = -39 - u. What is the greatest common divisor of z and q?
33
Let g = -8530 + 8757. What is the highest common divisor of 908 and g?
227
Suppose -33*t - 14*t = -15*t - 192. What is the highest common divisor of 37 and t?
1
Let h be (-7)/2 - -3 - (-50)/4. Let y(r) = -r**3 + 11*r**2 + 14*r - 19. Let z be y(h). Suppose z*j + 1 = 31. What is the highest common factor of 6 and j?
6
Let t(b) = -23*b + 157. Let d be t(5). Let q be (1 - 24/d) + (-96)/(-21). Calculate the highest common factor of 140 and q.
5
Let s(w) = w - 7. Let y be s(10). Suppose -478 = -70*n + 362. What is the highest common factor of n and y?
3
Let w = 1553 - 1562. Let g be 2 - 0 - 98/(-2). Let f be (-1 - g/w) + (-2)/(-6). Calculate the highest common factor of f and 1.
1
Suppose 2*s = 29 - 9. Suppose 0 = -53*a + 37*a - 48. Let y(g) = g**2 - g - 6. Let w be y(a). What is the highest common factor of w and s?
2
Suppose 2*r + 17*r - 1612 = -795. What is the greatest common divisor of r and 25?
1
Let t be ((-36)/(-6)*-4)/((-1)/(-2)). Let b = t - -56. Suppose 2*v + c = 77, 2*v = 5*c - c + 92. What is the highest common factor of v and b?
8
Suppose 2*o - 2*p = 560, 3*p + 305 = o + 7*p. What is the greatest common divisor of o and 209?
19
Suppose -59*y + 14*y + 14674 = -22*y. What is the highest common factor of y and 242?
22
Let a = 205 + -115. Let v(i) = 9*i - 53. Let y(f) = -16*f + 105. Let x(g) = 5*v(g) + 2*y(g). Let s be x(5). Calculate the highest common divisor of a and s.
10
Let n(d) = d**3 + d**2 - d + 25. Let p be n(0). Let s = -92 + p. Let l = s + 117. Calculate the highest common divisor of 75 and l.
25
Suppose -3*b - 72*j = -69*j - 912, 5*b + 2*j - 1538 = 0. Calculate the greatest common divisor of b and 3782.
62
Let q(h) = 178*h + 2142. Let a be q(-12). What is the greatest common factor of 837 and a?
3
Let r = -620 - -848. Calculate the highest common factor of r and 36.
12
Let j = 28 + 62. Let b(n) = n**3 + 7*n**2 - 5*n - 8. Let f = 44 - 48. Let a be b(f). Calculate the highest common factor of j and a.
30
Let w(i) = -i**3 + 38*i**2 - 111*i - 67. Let n be w(31). What is the highest common factor of n and 185?
37
Let v(l) = 2*l**2 + l - 1. Let y be v(1). Let b(k) = 7*k**2 - 194*k + 145. Let t be b(27). Calculate the greatest common factor of t and y.
2
Let c(w) = 8*w**3 - 4*w**2 + 3*w + 1. Let u(d) = -3*d**2 + 10*d - 2. Let z be u(3). Let x be c(z). Calculate the greatest common divisor of 136 and x.
8
Let h be 20/6 + (-4)/(-6). Suppose -8*t - 6390 = -23*t. Let b = t - 420. Calculate the highest common divisor of h and b.
2
Let u(y) = 35*y**2 + 1307*y + 83. Let n be u(-41). What is the highest common factor of 3 and n?
3
Let j(s) = s**3 + 11*s**2 - 13*s. Let v be j(-11). Let a be (-4)/7 + 13950/525. What is the greatest common divisor of v and a?
13
Let q = -37 + 93. Suppose j = 3*m - q, -2*m + 3*j - 8*j = -60. Calculate the highest common divisor of 340 and m.
20
Let j = 1323 - 1015. What is the greatest common divisor of 14 and j?
14
Let q = -4954 + 5136. Calculate the greatest common divisor of q and 4459.
91
Let l(k) = -288*k**3 + 2*k**2 + 2*k + 1. Let c be l(-1). Let r = 395 - c. Calculate the highest common factor of 53 and r.
53
Suppose -509 = -4*j + w, 35*j - 5*w + 227 = 37*j. Calculate the highest common divisor of 2100 and j.
42
Let i be (3 + -2)*(-102240)/(-142)*2/4. Calculate the greatest common divisor of 20 and i.
20
Let k = -286 + 311. Suppose -4*j + 5*f - f = -60, -4*j + k = 3*f. What is the highest common factor of j and 100?
10
Let c(o) = 28*o**2 - 84*o - 2. Let a be c(3). Let i = 668 + 900. Let d be (15/a)/(-5)*i/21. Calculate the greatest common factor of d and 14.
14
Suppose 33 = 2*o + 3. Suppose 17*t + 4 = o*t. Let y be (t + 95/10)*2. Calculate the highest common factor of 45 and y.
15
Let a be (3 + 103)*(2 - 1). Let s = a - 46. Calculate the highest common factor of 15 and s.
15
Suppose -23*a - 19*a + 15120 = 0. Suppose -3*r + a = -1170. What is the greatest common divisor of 30 and r?
30
Suppose 0 = 3*w - 4*y - 1466, 4*y = w - 4*w + 1426. Let m = 528 - w. Calculate the highest common factor of m and 69.
23
Suppose 8*h = 7*h + 84. Suppose 7*w = 2*w + 560. Calculate the highest common divisor of w and h.
28
Suppose 0 = -4*x + m + 257, -12*m + 14*m = -5*x + 318. Calculate the highest common divisor of 1216 and x.
64
Let u = -105769 + 164163. Suppose -47*b + 10038 = -u. What is the greatest common divisor of b and 16?
16
Let o be -9 + (-10 - (-881 + -13)). Calculate the greatest common divisor of 7 and o.
7
Let b = 1375 - 1410. Let i be 10/(-8)*28/7. Let g be ((-216)/(-28))/(i/b). What is the greatest common factor of g and 72?
18
Let y be (3 - 6)/((-6)/(-136)). Let f be (-2)/(-17) + (-2508)/y. Calculate the greatest common factor of f and 333.
37
Let h be (-4210)/(-3) - (9/(-18) - 8/48). Calculate the greatest common factor of h a